{"id":10,"date":"2016-02-15T13:30:27","date_gmt":"2016-02-15T11:30:27","guid":{"rendered":"https:\/\/e-mappi.fi\/?page_id=10"},"modified":"2019-01-21T21:16:08","modified_gmt":"2019-01-21T19:16:08","slug":"tilitoimisto-emappi-koulutus","status":"publish","type":"page","link":"https:\/\/e-mappi.fi\/?page_id=10","title":{"rendered":"Koulutus"},"content":{"rendered":"<p><strong>TUTKINNOT<\/strong><\/p>\n<p>KLT 2018<\/p>\n<p>Taloushallinnon ammattitutkinto 2009<br \/>\nMarkkinointi-instituutti, Helsinki<\/p>\n<p>Palkanlaskijan tutkinto 2006<br \/>\nMarkkinointi-Instituutti, Helsinki<\/p>\n<p>Merkonomin tutkinto 1992<br \/>\nKuusamon kauppaoppilaitos<br \/>\nyo-matkailulinja<\/p>\n<p>Ylioppilastutkinto 1988<br \/>\nHyvink\u00e4\u00e4n Yhteiskoulun lukio<\/p>\n<p><strong>KURSSIT<\/strong><br \/>\nYritysjuridiikan perusteet 2014<br \/>\nTurun yliopisto<\/p>\n<p>Palkkahallinnon erityiskysymyksi\u00e4 2008<br \/>\nMarkkinointi-Instituutti, Helsinki<\/p>\n<p>Yritysverotus 2007<br \/>\nMarkkinointi-Instituutti, Helsinki<\/p>\n<p>Ulkoinen laskentatoimi 2005<br \/>\nMJK-instituutti, Helsinki<\/p>\n<p><strong>MUU KOULUTUS<\/strong><\/p>\n<p><strong>Vuosittain:<\/strong><br \/>\nTilitoimistop\u00e4iv\u00e4, Taloushallintoliitto<br \/>\nAjankohtaisverop\u00e4iv\u00e4, Suomen Yritt\u00e4j\u00e4t<br \/>\nVerohallinon j\u00e4rjest\u00e4m\u00e4t veroinfot<code><\/code><\/p>\n","protected":false},"excerpt":{"rendered":"<p>TUTKINNOT KLT 2018 Taloushallinnon ammattitutkinto 2009 Markkinointi-instituutti, Helsinki Palkanlaskijan tutkinto 2006 Markkinointi-Instituutti, Helsinki Merkonomin tutkinto 1992 Kuusamon kauppaoppilaitos yo-matkailulinja Ylioppilastutkinto 1988 Hyvink\u00e4\u00e4n Yhteiskoulun lukio KURSSIT&#8230;<\/p>\n<div class=\"more-link-wrapper\"><a class=\"more-link\" href=\"https:\/\/e-mappi.fi\/?page_id=10\">Continue reading<span class=\"screen-reader-text\">Koulutus<\/span><\/a><\/div>\n","protected":false},"author":2,"featured_media":0,"parent":0,"menu_order":0,"comment_status":"closed","ping_status":"closed","template":"","meta":{"footnotes":""},"class_list":["post-10","page","type-page","status-publish","hentry","entry"],"_links":{"self":[{"href":"https:\/\/e-mappi.fi\/index.php?rest_route=\/wp\/v2\/pages\/10","targetHints":{"allow":["GET"]}}],"collection":[{"href":"https:\/\/e-mappi.fi\/index.php?rest_route=\/wp\/v2\/pages"}],"about":[{"href":"https:\/\/e-mappi.fi\/index.php?rest_route=\/wp\/v2\/types\/page"}],"author":[{"embeddable":true,"href":"https:\/\/e-mappi.fi\/index.php?rest_route=\/wp\/v2\/users\/2"}],"replies":[{"embeddable":true,"href":"https:\/\/e-mappi.fi\/index.php?rest_route=%2Fwp%2Fv2%2Fcomments&post=10"}],"version-history":[{"count":12,"href":"https:\/\/e-mappi.fi\/index.php?rest_route=\/wp\/v2\/pages\/10\/revisions"}],"predecessor-version":[{"id":152,"href":"https:\/\/e-mappi.fi\/index.php?rest_route=\/wp\/v2\/pages\/10\/revisions\/152"}],"wp:attachment":[{"href":"https:\/\/e-mappi.fi\/index.php?rest_route=%2Fwp%2Fv2%2Fmedia&parent=10"}],"curies":[{"name":"wp","href":"https:\/\/api.w.org\/{rel}","templated":true}]}}