{"id":49,"date":"2016-02-15T15:50:10","date_gmt":"2016-02-15T13:50:10","guid":{"rendered":"https:\/\/e-mappi.fi\/?page_id=49"},"modified":"2026-03-26T22:30:43","modified_gmt":"2026-03-26T20:30:43","slug":"linkit","status":"publish","type":"page","link":"https:\/\/e-mappi.fi\/?page_id=49","title":{"rendered":"LINKIT"},"content":{"rendered":"<p style=\"text-align: left;\"><a href=\"http:\/\/vero.fi\" target=\"_blank\" rel=\"noopener\">Verohallinto<\/a><\/p>\n<p><a href=\"https:\/\/www.vero.fi\/sahkoiset-asiointipalvelut\/omavero\/\">OmaVero<\/a><\/p>\n<p><a href=\"http:\/\/www.finlex.fi\/fi\/\" target=\"_blank\" rel=\"noopener\">Lains\u00e4\u00e4d\u00e4nt\u00f6<\/a><\/p>\n<p><a href=\"https:\/\/www.prh.fi\/fi\/index.html\" target=\"_blank\" rel=\"noopener\">Patentti- ja Rekisterihallitus PRH<\/a><\/p>\n<p><a href=\"http:\/\/www.ytj.fi\" target=\"_blank\" rel=\"noopener\">Yritystietoj\u00e4rjestelm\u00e4<\/a><\/p>\n<p><a href=\"http:\/\/yrittajat.fi\" target=\"_blank\" rel=\"noopener\">Suomen Yritt\u00e4j\u00e4t<\/a><\/p>\n<p><a href=\"http:\/\/www.tyosuojelu.fi\" target=\"_blank\" rel=\"noopener\">Ty\u00f6suojeluhallinto<\/a><\/p>\n<p>&nbsp;<\/p>\n<p><img loading=\"lazy\" decoding=\"async\" class=\"alignnone size-medium wp-image-40\" src=\"https:\/\/e-mappi.fi\/wp-content\/uploads\/eLogo-300x278.jpg\" alt=\"eMappi\" width=\"300\" height=\"278\" \/><\/p>\n","protected":false},"excerpt":{"rendered":"<p>Verohallinto OmaVero Lains\u00e4\u00e4d\u00e4nt\u00f6 Patentti- ja Rekisterihallitus PRH Yritystietoj\u00e4rjestelm\u00e4 Suomen Yritt\u00e4j\u00e4t Ty\u00f6suojeluhallinto &nbsp;<\/p>\n","protected":false},"author":2,"featured_media":0,"parent":0,"menu_order":0,"comment_status":"closed","ping_status":"closed","template":"","meta":{"footnotes":""},"class_list":["post-49","page","type-page","status-publish","hentry","entry"],"_links":{"self":[{"href":"https:\/\/e-mappi.fi\/index.php?rest_route=\/wp\/v2\/pages\/49","targetHints":{"allow":["GET"]}}],"collection":[{"href":"https:\/\/e-mappi.fi\/index.php?rest_route=\/wp\/v2\/pages"}],"about":[{"href":"https:\/\/e-mappi.fi\/index.php?rest_route=\/wp\/v2\/types\/page"}],"author":[{"embeddable":true,"href":"https:\/\/e-mappi.fi\/index.php?rest_route=\/wp\/v2\/users\/2"}],"replies":[{"embeddable":true,"href":"https:\/\/e-mappi.fi\/index.php?rest_route=%2Fwp%2Fv2%2Fcomments&post=49"}],"version-history":[{"count":13,"href":"https:\/\/e-mappi.fi\/index.php?rest_route=\/wp\/v2\/pages\/49\/revisions"}],"predecessor-version":[{"id":169,"href":"https:\/\/e-mappi.fi\/index.php?rest_route=\/wp\/v2\/pages\/49\/revisions\/169"}],"wp:attachment":[{"href":"https:\/\/e-mappi.fi\/index.php?rest_route=%2Fwp%2Fv2%2Fmedia&parent=49"}],"curies":[{"name":"wp","href":"https:\/\/api.w.org\/{rel}","templated":true}]}}